ue
Is 3287803 a composite number?
False
Is 2552347 composite?
True
Is 5209279 composite?
False
Is 5743667 composite?
False
Is 17669065 a composite number?
True
Is 23715953 a prime number?
True
Is 3211001 a composite number?
False
Is 112669 a prime number?
False
Is 266074723 a composite number?
True
Is 286439 a composite number?
True
Is 10877197 composite?
False
Is 764441 a prime number?
False
Is 1321448281 a prime number?
True
Is 78829013 a composite number?
True
Is 2691307 a prime number?
False
Is 25631989 a prime number?
False
Is 354464249 prime?
True
Is 994255 a prime number?
False
Is 2025827 a prime number?
True
Is 177846286 a composite number?
True
Is 4949947 a prime number?
False
Is 1670017 prime?
True
Is 3090959 composite?
False
Is 1630519 a composite number?
True
Is 9707891 a prime number?
True
Is 18495779 prime?
False
Is 1228111 prime?
False
Is 2269367 composite?
True
Is 3276881 a composite number?
False
Is 2984281 a composite number?
False
Is 1187129 composite?
True
Is 5511473 prime?
False
Is 102067139 a prime number?
False
Is 33676619 a prime number?
True
Is 209267831 a prime number?
False
Is 24900251 a composite number?
False
Is 2119683 prime?
False
Is 2767831 composite?
True
Is 918267931 a prime number?
False
Is 6311963 prime?
False
Is 13568449 prime?
False
Is 3171247 a composite number?
True
Is 2947801 a prime number?
True
Is 1003687 composite?
True
Is 152520241 a prime number?
False
Is 27551647 a composite number?
False
Is 22013427 prime?
False
Is 160276367 prime?
True
Is 236422157 composite?
True
Is 112051 prime?
False
Is 42189457 a composite number?
False
Is 39251 a composite number?
False
Is 23815907 prime?
True
Is 6392411 composite?
True
Is 169404533 a prime number?
False
Is 60188237 a prime number?
True
Is 3773698 a composite number?
True
Is 17956819 prime?
True
Is 90045133 composite?
False
Is 2515447 a composite number?
True
Is 650179 a prime number?
True
Is 737103093 composite?
True
Is 26124317 composite?
False
Is 34888103 prime?
True
Is 2821243 a composite number?
True
Is 686417 a composite number?
False
Is 76203271 a prime number?
False
Is 247529 composite?
False
Is 4199201 a prime number?
True
Is 1075187 a composite number?
False
Is 283333181 composite?
False
Is 3728243 composite?
False
Is 5138633 a prime number?
True
Is 143568253 composite?
False
Is 35746169 a prime number?
False
Is 1615403 a prime number?
True
Is 8941001 a composite number?
True
Is 329608951 composite?
True
Is 34797931 prime?
False
Is 430144823 prime?
True
Is 149858237 a prime number?
True
Is 8047601 prime?
True
Is 17552081 a prime number?
True
Is 31824301 a prime number?
True
Is 147942631 composite?
False
Is 15265009 a composite number?
True
Is 3094138 a prime number?
False
Is 3525637 a composite number?
False
Is 2120959 prime?
False
Is 11042501 prime?
True
Is 234542317 composite?
False
Is 2014457 composite?
False
Is 1577959 prime?
True
Is 1465889 composite?
False
Is 105907291 a composite number?
True
Is 66526039 a prime number?
True
Is 39489841 a prime number?
False
Is 16080563 a composite number?
True
Is 35871691 prime?
True
Is 1441138 a prime number?
False
Is 3703969 a prime number?
True
Is 24751 a composite number?
True
Is 93307 prime?
True
Is 6426971 a composite number?
False
Is 1345741 a composite number?
True
Is 7805279 a composite number?
True
Is 125489549 composite?
False
Is 418129 prime?
True
Is 125554243 prime?
True
Is 1345537 prime?
True
Is 7888399 composite?
False
Is 167798879 composite?
False
Is 73966379 composite?
False
Is 2066011 prime?
False
Is 363059 composite?
False
Is 159501829 composite?
True
Is 967931 a prime number?
True
Is 129517513 composite?
False
Is 5700889 composite?
True
Is 889589 composite?
False
Is 8321273 prime?
True
Is 1572793 a prime number?
False
Is 7622287 a prime number?
False
Is 7786169 prime?
False
Is 2685062 prime?
False
Is 337714307 composite?
True
Is 20496149 a composite number?
True
Is 46315129 prime?
False
Is 218753939 a composite number?
True
Is 555629 a prime number?
False
Is 6461471 a prime number?
True
Is 2007689 prime?
False
Is 10389361 a composite number?
False
Is 228386 a prime number?
False
Is 681293 prime?
True
Is 662546774 a prime number?
False
Is 29402147 a composite number?
False
Is 15365017 a prime number?
False
Is 82152571 composite?
False
Is 36571099 a composite number?
False
Is 5379851 prime?
True
Is 708143929 a composite number?
False
Is 52639393 prime?
False
Is 2304685 composite?
True
Is 1651151 prime?
True
Is 12871187 prime?
False
Is 3151979 a composite number?
False
Is 19900703 a composite number?
True
Is 230123791 a prime number?
True
Is 184262509 a prime number?
True
Is 14922598 prime?
False
Is 4078933 prime?
False
Is 53187943 a prime number?
False
Is 2900813 prime?
True
Is 1300959593 a prime number?
True
Is 348778 a composite number?
True
Is 209982922 a prime number?
False
Is 118853059 composite?
True
Is 45872917 composite?
True
Is 3781889 composite?
True
Is 3392443 composite?
False
Is 69056357 prime?
False
Is 1773919 prime?
False
Is 22496953 a composite number?
True
Is 1084784617 a composite number?
True
Is 112104193 a prime number?
True
Is 37652713 a composite number?
True
Is 4951943 composite?
False
Is 3798517 composite?
False
Is 16342513 a prime number?
False
Is 2965693 a prime number?
True
Is 14686013 a composite number?
False
Is 4075823 a composite number?
True
Is 1159707 prime?
False
Is 37603333 a composite number?
True
Is 17840029 a composite number?
False
Is 154645213 a prime number?
False
Is 14986289 a composite number?
True
Is 2789459 a composite number?
False
Is 20588623 composite?
True
Is 3025961 prime?
True
Is 23301521 composite?
False
Is 12897131 composite?
True
Is 110146141 prime?
False
Is 3670463 a composite number?
False
Is 21373255 a prime number?
False
Is 1288487 a composite number?
False
Is 2134799 a prime number?
False
Is 141237233 a prime number?
True
Is 47632603 a composite number?
False
Is 1074129097 a prime number?
True
Is 17814527 prime?
False
Is 78401 a prime number?
True
Is 14731819 a prime number?
False
Is 207743 a prime number?
True
Is 10403993 a prime number?
False
Is 3133751 a prime number?
True
Is 882527 a prime number?
False
Is 3130571 a prime number?
True
Is 46367159 prime?
True
Is 3109 composite?
False
Is 449623 a prime number?
False
Is 193571969 prime?
True
Is 1104403 prime?
True
Is 76413329 a prime number?
True
Is 23604223 prime?
False
Is 2588307 a composite number?
True
Is 10311403 composite?
True
Is 12208757 composite?
True
Is 225209 composite?
True
Is 6243941 a prime number?
False
Is 49506539 composite?
False
Is 39726419 a composite number?
True
Is 103681817 a prime number?
False
Is 141126727 prime?
False
Is 62541203 a composite number?
True
Is 211811 a prime number?
True
Is 2666285 a prime number?
False
Is 418452695 prime?
False
Is 49177781 a composite number?
False
Is 5523578 composite?
True
Is 4864921 a composite number?
True
Is 139159087 a composite number?
False
Is 33813739 prime?
False
Is 110144329 a prime number?
False
Is 1567997 prime?
False
Is 3827893 prime?
True
Is 11718173 a prime number?
False
Is 3646681 composite?
False
Is 92849 a composite number?
False
Is 3222071 composite?
True
Is 1438379 prime?
True
Is 19284613 a composite number?
True
Is 24079361 prime?
False
Is 5007047 a prime number?
True
Is 901343 composite?
True
Is 41925217 a composite number?
False
Is 1609943997 prime?
False
Is 157073561 a prime number?
True
Is 82512133 a prime number?
False
Is 46979237 a composite number?
True
Is 3006347 composite?
False
Is 182725319 composite?
True
Is 1227353 composite?
False
Is 58898711 a composite number?
False
Is 250115303 a composite number?
False
Is 20971897 prime?
False
Is 399593657 a prime number?
True
Is 10671377 prime?
True
Is 83114281 a composite number?
False
Is 2092963 a prime number?
True
Is 967391 a prime number?
True
Is 28976813 composite?
False
Is 18003651 prime?
False
Is 25184179 prime?
True
Is 934187 composite?
False
Is 120195509 prime?
False
Is 145350659 prime?
True
Is 1837541 a prime number?
True
Is 16240555 a composite number?
True
Is 1645529 prime?
True
Is 945851 composite?
False
Is 6151583 composite?
True
Is 1049599 prime?
True
Is 3186355 a prime number?
False
Is 5555857 prime?
False
Is 47738113 composite?
